{"id":2,"date":"2020-02-28T15:11:59","date_gmt":"2020-02-28T15:11:59","guid":{"rendered":"http:\/\/arregladormusical.com\/?page_id=2"},"modified":"2025-04-12T02:37:02","modified_gmt":"2025-04-12T02:37:02","slug":"pagina-de-ejemplo","status":"publish","type":"page","link":"https:\/\/arregladormusical.com\/","title":{"rendered":"pagina principal"},"content":{"rendered":"\n<h1 class=\"has-text-align-center wp-block-heading\">Arreglador Musical<\/h1>\n\n\n\n<h3 class=\"has-text-align-center wp-block-heading\">El Especialista<\/h3>\n\n\n\n<h3 class=\"wp-block-heading\">Produccion Integral del Artista | M\u00fasica dorada&nbsp;<\/h3>\n\n\n\n<h5 class=\"has-text-align-center wp-block-heading\">\u00a1El Estudio Del Oeste!<\/h5>\n\n\n\n<h2 class=\"wp-block-heading\">Bienvenidos !!<\/h2>\n\n\n\n<p class=\"has-text-align-center\"><strong>\u2b50\ufe0f 5 CONSEJOS PARA LOGRAR TU EXITO MUSICAL \u2b50\ufe0f<\/strong><\/p>\n\n\n\n<figure class=\"wp-block-image\"><img decoding=\"async\" src=\"https:\/\/mail.google.com\/mail\/e\/1f3b6\" alt=\"\ud83c\udfb6\"\/><\/figure>\n\n\n\n<p>&nbsp;1\u2013 \u00bf\u00bf\u00bfUsted es Autor \/ un compositor \/ a de sus canciones ??? armamos desde cero comienzo desarrollo y final de su canci\u00f3n cualquier estilo, hasta cualquier parte del mundo !!! y no es necesario que toques alg\u00fan instrumento con un simple tarareo o acapella ya lo entendemos y lo acomodamos a un tono preferencial y velocidad para que quede mejor su canci\u00f3n !!!\n&nbsp;\n&nbsp;<\/p>\n\n\n\n<figure class=\"wp-block-image\"><img decoding=\"async\" src=\"https:\/\/mail.google.com\/mail\/e\/1f3b6\" alt=\"\ud83c\udfb6\"\/><\/figure>\n\n\n\n<p>&nbsp;2 &#8211; \u00bf\u00bf\u00bfUsted ya tiene todo lo del punto 1 pero no le gusta su propia voz y quiere que alguien se la cante ??? yo mismo se la canto y grab\u00f3 sin problema como en las muestras de mis videos !!!\n&nbsp;\n<\/p>\n\n\n\n<figure class=\"wp-block-image\"><img decoding=\"async\" src=\"https:\/\/mail.google.com\/mail\/e\/1f3b6\" alt=\"\ud83c\udfb6\"\/><\/figure>\n\n\n\n<p>&nbsp;3 &#8211; \u00bf\u00bf\u00bfYa tiene lo del punto 1 y 2 pero quiere que su canci\u00f3n tenga una versi\u00f3n femenina porque as\u00ed lo ve su ojo comercial ??? y quiero que su canci\u00f3n tenga otro destino, tengo una buena voz femenina para su prop\u00f3sito Incluye voces de coro y apoyo para cantantes masculinos y femeninos !!!\n&nbsp;\n&nbsp;<\/p>\n\n\n\n<figure class=\"wp-block-image\"><img decoding=\"async\" src=\"https:\/\/mail.google.com\/mail\/e\/1f3b6\" alt=\"\ud83c\udfb6\"\/><\/figure>\n\n\n\n<p>&nbsp;4 &#8211; \u00bf\u00bf\u00bfUsted solo escribe y no tiene confianza en la melod\u00eda para su canci\u00f3n ??? Yo le hago el desarrollo de la m\u00fasica y su canci\u00f3n ser\u00e1 suya 100% letra y m\u00fasica. \u00bf\u00bf\u00bfO a la inversa usted tiene fe en la m\u00fasica pero no en la letra ??? yo le pongo letra a su idea musical (como en las muestras de mis videos) !!!\n&nbsp;\n<\/p>\n\n\n\n<figure class=\"wp-block-image\"><img decoding=\"async\" src=\"https:\/\/mail.google.com\/mail\/e\/1f3b6\" alt=\"\ud83c\udfb6\"\/><\/figure>\n\n\n\n<p>\u00a05 &#8211; Lo m\u00e1s importante haga con quien lo haga para que nadie se apropie de sus ideas ni robe su creatividad \u00a1\u00a1\u00a1Exija que una vez terminada su letra y su m\u00fasica se escriba en una partitura !!! (la l\u00ednea musical escrita en un pentagrama) Ese tramite tambien lo realizamos en nuestro estudio cualquier duda de como es el procedimiento consulte con nosotros., as\u00ed usted en el pa\u00eds que resida podr\u00e1 protegerla en la sociedad de autores y compositores de m\u00fasica, cada pa\u00eds lo tiene (entrando en el caso solo en las canciones in\u00e9ditas o de su propia creatividad) estar\u00e1 protegida de por vida su canci\u00f3n !!!! <\/p>\n","protected":false},"excerpt":{"rendered":"<p>Arreglador Musical El Especialista Produccion Integral del Artista | M\u00fasica dorada&nbsp; \u00a1El Estudio Del Oeste! Bienvenidos !! \u2b50\ufe0f 5 CONSEJOS PARA LOGRAR TU EXITO MUSICAL \u2b50\ufe0f &nbsp;1\u2013 \u00bf\u00bf\u00bfUsted es Autor \/ un compositor \/ a de sus canciones ??? armamos desde cero comienzo desarrollo y final de su canci\u00f3n cualquier estilo, hasta cualquier parte del <a href=\"https:\/\/arregladormusical.com\/\" rel=\"nofollow\"><span class=\"sr-only\">Read more about pagina principal<\/span>[&hellip;]<\/a><\/p>\n","protected":false},"author":1,"featured_media":0,"parent":0,"menu_order":0,"comment_status":"closed","ping_status":"closed","template":"","meta":{"_themeisle_gutenberg_block_has_review":false,"footnotes":""},"class_list":["post-2","page","type-page","status-publish","hentry"],"_links":{"self":[{"href":"https:\/\/arregladormusical.com\/index.php?rest_route=\/wp\/v2\/pages\/2","targetHints":{"allow":["GET"]}}],"collection":[{"href":"https:\/\/arregladormusical.com\/index.php?rest_route=\/wp\/v2\/pages"}],"about":[{"href":"https:\/\/arregladormusical.com\/index.php?rest_route=\/wp\/v2\/types\/page"}],"author":[{"embeddable":true,"href":"https:\/\/arregladormusical.com\/index.php?rest_route=\/wp\/v2\/users\/1"}],"replies":[{"embeddable":true,"href":"https:\/\/arregladormusical.com\/index.php?rest_route=%2Fwp%2Fv2%2Fcomments&post=2"}],"version-history":[{"count":7,"href":"https:\/\/arregladormusical.com\/index.php?rest_route=\/wp\/v2\/pages\/2\/revisions"}],"predecessor-version":[{"id":1096,"href":"https:\/\/arregladormusical.com\/index.php?rest_route=\/wp\/v2\/pages\/2\/revisions\/1096"}],"wp:attachment":[{"href":"https:\/\/arregladormusical.com\/index.php?rest_route=%2Fwp%2Fv2%2Fmedia&parent=2"}],"curies":[{"name":"wp","href":"https:\/\/api.w.org\/{rel}","templated":true}]}}